-o**3 - 5*o**2 + 3*o + 4. What is t(-3)?
-23
Let w(h) = -20058*h + 160465. Determine w(8).
1
Let t(s) = 2931*s + 23464. Give t(-8).
16
Let t(m) = -70*m + 118. Determine t(-6).
538
Let t(u) = -u**2 - 57*u + 327. Give t(-62).
17
Let f(k) = -k**3 + 13*k**2 - 65*k + 205. What is f(8)?
5
Let y(j) = 2*j**2 + 7*j - 63. What is y(-19)?
526
Let g(j) = -2*j**3 + 450*j**2 + 459*j - 1564. Calculate g(226).
18
Let v(k) = -9*k**2 + 23*k + 15. Determine v(8).
-377
Let v(s) = s**3 + 17*s**2 + 71*s - 29. Give v(-7).
-36
Let q(u) = -41*u**2 - 7*u. Determine q(1).
-48
Let h(l) = l**3 + 283*l**2 + 2201*l + 3. Calculate h(-8).
-5
Let y(s) = -s**3 + 10*s**2 - 18*s - 13. Give y(9).
-94
Let f(z) = z**3 + 4*z**2 - 52*z + 18. Determine f(-9).
81
Let v(c) = c**2 + 56*c + 205. Calculate v(-4).
-3
Let w(q) = 3*q**2 + 45*q + 109. Determine w(-3).
1
Let i(n) = -n**3 + 4*n**2 - 4*n - 52. Determine i(0).
-52
Let g(d) = -2*d**2 - 38*d + 236. Calculate g(-24).
-4
Let k(l) = -1596*l - 92571. Give k(-58).
-3
Let f(x) = -x**3 - 38*x**2 - 55*x - 595. Calculate f(-37).
71
Let l(m) = m**3 - 123*m**2 + 45*m + 9395. Determine l(122).
1
Let f(o) = 5*o**2 - 8*o - 80. Give f(5).
5
Let m(q) = -2*q**3 + 3*q**2 + 3*q + 4. Give m(-3).
76
Let s(r) = -r**2 + 27*r - 159. What is s(27)?
-159
Let t(s) = 232*s - 1166. Determine t(5).
-6
Let g(h) = -h**2 + 103*h - 1889. Give g(79).
7
Let o(z) = -101*z - 1538. What is o(-14)?
-124
Let h(k) = 2224*k + 40044. Calculate h(-18).
12
Let t(u) = -3*u**3 - 72*u**2 + 652*u + 41. Determine t(-31).
10
Let v(g) = -41*g**2 + 258*g - 263. Determine v(5).
2
Let d(u) = -111*u + 815. Give d(9).
-184
Let g(i) = 1801*i + 21621. Give g(-12).
9
Let t(o) = -33*o - 13. Determine t(-2).
53
Let g(p) = 88*p + 4. Calculate g(4).
356
Let w(n) = -180*n - 10452. Give w(-58).
-12
Let t(q) = q**3 - 10*q**2 + 9*q - 93. Determine t(10).
-3
Let x(l) = l**3 + 8*l**2 + 12*l - 27. Give x(-6).
-27
Let l(y) = 617*y - 1858. Calculate l(3).
-7
Let s(n) = -2*n**2 + 91*n + 486. Determine s(-5).
-19
Let w(u) = 5*u**3 - u**2 + 9*u + 10. Calculate w(-1).
-5
Let r(k) = -31*k - 169. Calculate r(-6).
17
Let l(q) = -134*q + 535. Give l(5).
-135
Let j(t) = 2*t**3 - 5*t**2 - 49*t + 45. Give j(6).
3
Let r(v) = -201*v + 1651. What is r(8)?
43
Let z(f) = -2*f**3 + 104*f**2 - 117*f + 758. Calculate z(51).
-7
Let t(h) = -836*h - 99488. Calculate t(-119).
-4
Let s(v) = -273*v - 6895. Calculate s(-25).
-70
Let z(c) = -5*c**2 + 226*c + 915. Give z(49).
-16
Let v(d) = d**3 + 10*d**2 - 25*d - 74. Calculate v(-10).
176
Let r(b) = -b**3 - 25*b**2 + 9*b + 25. Determine r(-25).
-200
Let f(z) = -16*z**3 - 5*z**2 - 8*z - 3. Calculate f(-2).
121
Let r(s) = -31*s**2 + 2*s + 15. Calculate r(4).
-473
Let h(t) = -3*t**2 + 56*t + 869. What is h(-10)?
9
Let y(n) = -n**2 - 33*n + 165. Give y(-38).
-25
Let o(p) = 5*p**2 - 25*p - 33. Calculate o(4).
-53
Let g(m) = -5*m**2 + 437*m - 438. Give g(1).
-6
Let z(f) = f**2 + 80*f - 519. What is z(6)?
-3
Let n(j) = -j**3 + 4*j**2 + 12*j - 30. Give n(6).
-30
Let y(r) = 246*r + 2700. Calculate y(-11).
-6
Let z(g) = 2*g**2 + g + 98. Calculate z(9).
269
Let a(i) = -i**3 + 36*i**2 + 149*i + 459. Give a(40).
19
Let s(c) = 85*c - 852. Determine s(6).
-342
Let d(t) = t**3 - 3*t**2 - 18*t - 90. What is d(7)?
-20
Let a(p) = -p**3 + 10*p**2 - 27*p + 25. Give a(9).
-137
Let i(u) = -u**2 + 50*u + 2535. Calculate i(81).
24
Let t(a) = -2*a**3 - 513*a**2 - 765*a - 24. Calculate t(-255).
-24
Let x(k) = -261*k**2 + 11*k + 11. Determine x(-1).
-261
Let n(t) = 6*t**2 - 37*t + 32. What is n(6)?
26
Let h(k) = 8*k + 508. Give h(-78).
-116
Let p(k) = k**3 - 30*k + 18. Calculate p(-6).
-18
Let u(q) = 2*q**2 + 2*q - 328. Determine u(0).
-328
Let w(p) = 36*p + 843. Give w(-29).
-201
Let u(n) = n**2 + 117*n - 36386. Determine u(141).
-8
Let h(n) = 150*n + 4805. What is h(-32)?
5
Let u(q) = -2*q**2 - 39*q + 122. Calculate u(14).
-816
Let i(g) = -g**3 + 109*g**2 - 1633*g - 91. Calculate i(18).
-1
Let h(u) = u**3 - 24*u**2 - 36*u - 323. Give h(26).
93
Let f(h) = 5*h**3 - h**2 - 29*h + 6. Calculate f(-3).
-51
Let m(c) = -239*c - 1192. What is m(-5)?
3
Let l(j) = 16*j**2 + 641*j - 609. Determine l(-41).
6
Let o(i) = -74*i**2 - 499*i + 135. Calculate o(-7).
2
Let k(n) = 7*n**2 + 277*n - 107. Determine k(-40).
13
Let s(d) = 24*d - 938. Determine s(39).
-2
Let n(l) = l**3 + l**2 - 199*l + 39. What is n(-14)?
277
Let a(h) = 2*h**3 - 200*h**2 - 628*h + 1028. Calculate a(103).
-2
Let n(h) = -8*h + 219. Calculate n(37).
-77
Let o(l) = -l**2 - 13*l + 22. Calculate o(-14).
8
Let n(z) = -z**3 + 20*z**2 + z - 34. What is n(20)?
-14
Let z(f) = 4*f**3 - 3*f**2 + 9*f - 9. Determine z(2).
29
Let m(d) = -d**3 - 38*d**2 + 118*d + 11. Give m(3).
-4
Let z(g) = -g**3 + 7*g**2 + 40*g + 37. Determine z(-4).
53
Let u(r) = -118*r + 110. What is u(1)?
-8
Let n(z) = -283*z + 17833. Calculate n(63).
4
Let n(i) = 5326*i - 26675. Calculate n(5).
-45
Let z(d) = 38*d + 289. Calculate z(-24).
-623
Let c(f) = -26*f + 91. What is c(3)?
13
Let i(p) = -p**3 - 24*p**2 - 35*p - 316. What is i(-23)?
-40
Let k(c) = -c**3 + 5*c**2 + 95*c + 174. What is k(-6)?
0
Let c(q) = q**3 - 52*q**2 - 417*q + 195. Determine c(59).
-41
Let t(b) = -b**2 - 4*b + 15. Determine t(5).
-30
Let o(u) = -4*u**2 + 216*u + 5. Determine o(54).
5
Let j(d) = d**3 + 41*d**2 + 79*d + 96. Determine j(-39).
57
Let d(q) = -5*q**3 - 39*q**2 + 8*q + 7. Give d(-8).
7
Let a(r) = -217*r**2 - 38*r + 83. Determine a(2).
-861
Let k(j) = -5*j**2 + 23*j + 507. Calculate k(-8).
3
Let t(z) = -3*z**2 - 519*z + 5525. Determine t(-183).
35
Let c(b) = 14*b**2 + 26*b + 61. Calculate c(-3).
109
Let z(s) = s**3 + 26*s**2 + 50. Calculate z(-26).
50
Let l(s) = -3*s**2 + 54*s - 53. Calculate l(18).
-53
Let q(h) = -12*h**2 - 54*h + 36. Determine q(-5).
6
Let b(k) = k**3 - 18*k**2 + 74*k - 90. Determine b(13).
27
Let h(v) = 336*v + 2305. Calculate h(-7).
-47
Let j(t) = t**3 - 28*t**2 + 4*t - 123. Determine j(28).
-11
Let o(x) = -x**2 + 63*x - 310. Give o(57).
32
Let p(t) = 3*t**2 - 148*t + 1882. Give p(24).
58
Let w(q) = q**3 + 28*q**2 - 48*q + 377. Give w(-30).
17
Let f(j) = 3*j**3 + 25*j**2 + 25*j - 28. Calculate f(-7).
-7
Let l(o) = 73*o + 44. Determine l(-1).
-29
Let b(j) = j**2 + 16*j - 18. Determine b(-13).
-57
Let d(v) = v**3 - 92*v**2 - 187*v - 87. Determine d(94).
7
Let d(v) = -2*v**2 + 72*v + 223. Determine d(39).
-11
Let a(b) = b**2 - 24*b - 128. Determine a(0).
-128
Let c(u) = -u**3 + 16*u**2 - 12*u + 7. What is c(16)?
-185
Let q(d) = -d**3 - 39*d**2 + 314*d - 136. Calculate q(-46).
232
Let v(g) = 119*g + 8447. What is v(-71)?
-2
Let b(p) = -2*p**2 - 121*p + 1794. Calculate b(13).
-117
Let a(m) = 10*m + 152. Calculate a(-3).
122
Let s(j) = -2*j**3 + 90*j**2 + 65*j - 2933. Determine s(45).
-8
Let t(i) = i**3 + 9*i**2 - 14*i - 12. Give t(-7).
184
Let p(l) = -74*l + 2004. Determine p(27).
6
Let r(j) = -j**2 + 119*j + 1. Calculate r(119).
1
Let f(u) = -u**3 - 19*u**2 - 13*u - 241. What is f(-19)?
6
Let i(q) = 43*q**2 - 1379*q + 83. Give i(32).
-13
Let t(w) = 21*w + 37. Determine t(3).
100
Let m(c) = -c**3 - 7*c**2 - 11*c - 55. Give m(-7).
22
Let r(g) = -2*g**3 + 8*g**2 - 5*g + 17. What is r(4)?
-3
Let n(s) = 2*s**3 + 6*s**2 - 20*s + 5. Give n(-5).
5
Let c(i) = i**3 - 36*i**2 + 131*i + 65. Determine c(31).
-679
Let s(z) = z + 89. Determine s(5).
94
Let n(a) = -167*a - 2202. Calculate n(-13).
-31
Let l(q) = -q**2 + 278*q + 1731. Give l(-6).
27
Let t(b) = -4*b - 10. What is t(-3)?
2
Let c(a) = a**3 - 160*a - 30. Calculate c(0).
-30
Let b(i) = 14*i**3 - 27*i**2 + 55*i - 2. Give b(2).
112
Let o(z) = 55*z**3 - 387*z**2 + 22*z - 33. Determine o(7).
23
Let p(x) = 91*x - 4099. What is p(42)?
-277
Let k(w) = -137*w + 138. Determine k(1).
1
Let r(g) = -g**3 + 12*g**2 + 3*g - 36. Give r(12).
0
Let j(o) = o**2 - 7*o + 2. Calculate j(-5).
62
Let g(w) = 233*w**3 - w**2 - 7*w + 8. What is g(1)?
233
Let g(t) = -t**2 + 19*t + 53. Determine g(24).
-67
Let b(m) = -2*m**3 - 88*m - 6. What is b(0)?
-6
Let s(b) = 25*b**2 + 764*b - 339. Calculate s(-31).
2
Let h(u) = 4*u**2 + 80*u + 20. Give h(-20).
20
Let b(s) = -12*s**2 + 37*s + 15. Calculate b(-7).
-832
Let s(q) = 23*q**2 - 38*q - 11. Determine s(2).
5
Let s(t) = t**2 + 3*t - 55. Give s(-10).
15
Let q(d) = -8970*d + 53805. Determine q(6).
-15
Let p(f) = -f**3 + 62*f**2 - 